{"id":107,"date":"2024-09-01T01:31:53","date_gmt":"2024-08-31T23:31:53","guid":{"rendered":"https:\/\/shop.wc.ibp-dresden.de\/?post_type=product&#038;p=107"},"modified":"2024-11-26T02:51:25","modified_gmt":"2024-11-26T01:51:25","slug":"pyramiden-set-pb45-90-buchenholz-massiv-hoehe-45-90-cm","status":"publish","type":"product","link":"https:\/\/www.vital-und-gesund-shop.de\/?product=pyramiden-set-pb45-90-buchenholz-massiv-hoehe-45-90-cm","title":{"rendered":"Pyramiden-Set PB19.53.63 &#8211; Buchenholz massiv &#8211; H\u00f6he 19 \/ 53 \/ 63,5 cm"},"content":{"rendered":"<div id=\"cc-shop-product-desc-text-16692052824\" class=\"description\">\n<p>Das Angebot enth\u00e4lt einen <strong>Kombiset-Fertigbausatz<\/strong> aus Kugeln und St\u00e4ben zur Selbstmontage einer Pyramide mit zwei m\u00f6glichen Gr\u00f6\u00dfen. Je nach verwendeten St\u00e4ben kann die Pyramide mit einer H\u00f6he von ca. 15 cm oder ca. 49 cm oder ca. 63,5 cm aufgebaut werden.<\/p>\n<p>Die Pyramide ist leicht und ohne Werkzeug aufzubauen. Auch nach mehrfachem Auf- und Abbau ist das Zusammenstecken der St\u00e4be und Kugeln dank der federnden Stabenden straff und handfest. Es gibt also keine wackeligen Verbindungen und es mu\u00df auch nicht mit Leim nachgeholfen werden. Man kann sie so auch mal platzsparend transportieren.<\/p>\n<div id=\"cc-shop-product-desc-text-16692052824\" class=\"description\">\n<p>Das Holz ist geschliffen und unbehandelt und entfaltet so am besten seine energetische Wirkung.<\/p>\n<\/div>\n<p><strong>Abmessungen:<\/strong><br \/>\nH\u00f6he: ca. 15 cm, ca. 49 cm, 63,5 cm (je nach verwendeten St\u00e4ben)<br \/>\nGrundfl\u00e4che: 23 cm x 23 cm, 77 cm x 77 cm, 100 cm x 100 cm<br \/>\nDurchmesser der St\u00e4be: 8 mm<br \/>\nDurchmesser der Kugeln: 35 mm<br \/>\nGewicht: ca. 2,2 kg<\/p>\n<p><strong>Lieferumfang<\/strong>:<\/p>\n<p>Geliefert wird ein Fertigbausatz mit folgenden Einzelteilen im gepolsterten Versandkarton:<br \/>\n5 Kugeln aus massivem Buchenholz<br \/>\n24 St\u00e4be aus massivem Buchenholz (jeweils 8 Stck. pro Pyramidengr\u00f6\u00dfe)<br \/>\n1 Aufbauanleitung<\/p>\n<\/div>\n","protected":false},"excerpt":{"rendered":"<p>Pyramiden-Kombibausatz PB19.53.63 zum Zusammenstecken. Die Pyramide l\u00e4sst sich leicht und ohne Werkzeug auf- und abbauen.<\/p>\n<p>&nbsp;<\/p>\n","protected":false},"featured_media":952,"comment_status":"open","ping_status":"closed","template":"","meta":[],"product_cat":[44],"product_tag":[],"class_list":{"0":"post-107","1":"product","2":"type-product","3":"status-publish","4":"has-post-thumbnail","6":"product_cat-pyramide","8":"first","9":"instock","10":"taxable","11":"shipping-taxable","12":"purchasable","13":"product-type-simple"},"_links":{"self":[{"href":"https:\/\/www.vital-und-gesund-shop.de\/index.php?rest_route=\/wp\/v2\/product\/107","targetHints":{"allow":["GET"]}}],"collection":[{"href":"https:\/\/www.vital-und-gesund-shop.de\/index.php?rest_route=\/wp\/v2\/product"}],"about":[{"href":"https:\/\/www.vital-und-gesund-shop.de\/index.php?rest_route=\/wp\/v2\/types\/product"}],"replies":[{"embeddable":true,"href":"https:\/\/www.vital-und-gesund-shop.de\/index.php?rest_route=%2Fwp%2Fv2%2Fcomments&post=107"}],"wp:featuredmedia":[{"embeddable":true,"href":"https:\/\/www.vital-und-gesund-shop.de\/index.php?rest_route=\/wp\/v2\/media\/952"}],"wp:attachment":[{"href":"https:\/\/www.vital-und-gesund-shop.de\/index.php?rest_route=%2Fwp%2Fv2%2Fmedia&parent=107"}],"wp:term":[{"taxonomy":"product_cat","embeddable":true,"href":"https:\/\/www.vital-und-gesund-shop.de\/index.php?rest_route=%2Fwp%2Fv2%2Fproduct_cat&post=107"},{"taxonomy":"product_tag","embeddable":true,"href":"https:\/\/www.vital-und-gesund-shop.de\/index.php?rest_route=%2Fwp%2Fv2%2Fproduct_tag&post=107"}],"curies":[{"name":"wp","href":"https:\/\/api.w.org\/{rel}","templated":true}]}}